?
True
Is 27185491 a composite number?
True
Is 726221 composite?
False
Is 1652033 a composite number?
False
Is 71972707 a composite number?
False
Is 3285811 composite?
True
Is 2854603 a prime number?
True
Is 2613289 prime?
False
Is 31243495 a composite number?
True
Is 68347301 a composite number?
True
Is 8373907 a prime number?
True
Is 504961 a composite number?
True
Is 5186333 a prime number?
True
Is 2103467 prime?
False
Is 5826467 prime?
False
Is 450958 a prime number?
False
Is 871523659 a prime number?
False
Is 2320349 a prime number?
False
Is 39539201 composite?
True
Is 86823673 composite?
True
Is 248257 a composite number?
False
Is 976099 prime?
False
Is 57339577 prime?
False
Is 97668829 a prime number?
False
Is 77539427 prime?
False
Is 16043537 composite?
False
Is 47128547 a prime number?
True
Is 249897 prime?
False
Is 15791833 prime?
False
Is 210037769 prime?
True
Is 30408689 composite?
False
Is 6181573 composite?
False
Is 567839737 a composite number?
True
Is 1453681 prime?
True
Is 13478513 composite?
False
Is 25239437 prime?
True
Is 571309 a prime number?
False
Is 6470911 a prime number?
False
Is 24924994 composite?
True
Is 78011341 prime?
True
Is 30612773 a composite number?
True
Is 157142309 prime?
True
Is 7904003 composite?
True
Is 1363889 a prime number?
False
Is 5249501 composite?
True
Is 2357039 composite?
False
Is 4008811 composite?
True
Is 76699991 a composite number?
True
Is 3348097 composite?
False
Is 110520619 composite?
True
Is 3995359 prime?
False
Is 223198961 prime?
True
Is 6491833 a prime number?
True
Is 3406363 a composite number?
True
Is 6931721 prime?
True
Is 558401 prime?
True
Is 10211491 prime?
True
Is 1775209703 composite?
False
Is 626309 composite?
True
Is 4566027 prime?
False
Is 42831539 composite?
False
Is 874921 composite?
True
Is 27497381 prime?
False
Is 2869487 prime?
False
Is 58642022 composite?
True
Is 364477457 composite?
False
Is 2877691 a prime number?
False
Is 8569883 prime?
False
Is 77867 a composite number?
False
Is 8650361 prime?
True
Is 42080393 a composite number?
True
Is 1262543 prime?
True
Is 8967011 a prime number?
True
Is 55986971 a composite number?
False
Is 5873533 a composite number?
True
Is 39745561 a prime number?
False
Is 3507113 a composite number?
False
Is 1062107 composite?
False
Is 67784737 composite?
False
Is 15442643 a prime number?
False
Is 36226757 prime?
False
Is 23986759 prime?
False
Is 179572467 composite?
True
Is 901423 composite?
False
Is 1580251 composite?
False
Is 5744899 a composite number?
False
Is 5923433 composite?
False
Is 239423671 a composite number?
True
Is 1097783 prime?
True
Is 291266 composite?
True
Is 33894607 a prime number?
True
Is 10232311 composite?
True
Is 8019667 a prime number?
True
Is 95514845 a prime number?
False
Is 15208399 composite?
False
Is 5947433 composite?
True
Is 8769737 a prime number?
True
Is 115201403 a prime number?
True
Is 49007615 a prime number?
False
Is 2159923 composite?
False
Is 8621377 a composite number?
False
Is 96950651 composite?
True
Is 5887478 a prime number?
False
Is 38344601 a prime number?
False
Is 4527755 a prime number?
False
Is 206998721 prime?
True
Is 2124127 a prime number?
True
Is 30255671 a prime number?
False
Is 79791883 a composite number?
False
Is 1543651 composite?
True
Is 18194381 prime?
False
Is 41819699 composite?
False
Is 483787 prime?
True
Is 641881 a composite number?
False
Is 6130585 a composite number?
True
Is 99506083 a prime number?
False
Is 31933189 composite?
True
Is 129234211 a prime number?
True
Is 82276019 a composite number?
True
Is 399206557 a prime number?
False
Is 93652397 composite?
True
Is 4079501 composite?
True
Is 24526961 prime?
True
Is 2339647 a prime number?
False
Is 14012509 composite?
True
Is 10382759 a composite number?
True
Is 25176323 a prime number?
True
Is 31072759 prime?
True
Is 207413473 prime?
False
Is 13030783 prime?
True
Is 906369 prime?
False
Is 2642449 prime?
True
Is 6927223 prime?
False
Is 36706051 composite?
True
Is 14900339 a prime number?
True
Is 34999241 a composite number?
True
Is 766979 a composite number?
True
Is 1669123 composite?
True
Is 48634759 a composite number?
False
Is 231697 prime?
False
Is 19822103 composite?
True
Is 6592111 a composite number?
False
Is 680681 a prime number?
True
Is 254377447 prime?
False
Is 60642401 a composite number?
False
Is 29948473 a prime number?
True
Is 12507247 prime?
True
Is 126330653 composite?
True
Is 71993057 a prime number?
False
Is 12331274 prime?
False
Is 24161491 a prime number?
True
Is 310081 a composite number?
False
Is 29515307 composite?
True
Is 408311 a composite number?
False
Is 65811055 prime?
False
Is 16595803 composite?
True
Is 5234987 prime?
True
Is 85896713 prime?
False
Is 613468249 a prime number?
False
Is 20021 a prime number?
True
Is 561997 composite?
False
Is 3832481 a composite number?
False
Is 4224281 composite?
False
Is 691405873 a prime number?
True
Is 2813879 composite?
False
Is 8624282 a composite number?
True
Is 13391143 prime?
False
Is 32051171 prime?
False
Is 7169431 a composite number?
True
Is 15267687 prime?
False
Is 24066347 prime?
True
Is 193791383 composite?
False
Is 7228501 a composite number?
True
Is 2135627 a prime number?
False
Is 119955931 a prime number?
True
Is 40656163 a prime number?
False
Is 50336269 composite?
True
Is 572269 a composite number?
False
Is 65887363 a composite number?
False
Is 83339147 a composite number?
False
Is 7419299 a prime number?
True
Is 41765809 composite?
False
Is 125214631 prime?
True
Is 119962153 prime?
True
Is 787078 a composite number?
True
Is 5555113 prime?
False
Is 61641077 composite?
True
Is 59862497 a composite number?
False
Is 489709 a prime number?
False
Is 8531833 composite?
False
Is 5445197 a prime number?
True
Is 8434477 a composite number?
False
Is 307451383 prime?
True
Is 32555011 a composite number?
False
Is 4666391 a prime number?
False
Is 9244483 prime?
True
Is 7577849 a prime number?
True
Is 895391 a prime number?
False
Is 42322849 a composite number?
False
Is 5298019 prime?
True
Is 51320897 a prime number?
False
Is 72159365 a prime number?
False
Is 41005241 prime?
False
Is 3727447 a composite number?
True
Is 65843809 composite?
True
Is 3295553 a prime number?
False
Is 14342281 a composite number?
False
Is 692141 composite?
False
Is 99152149 a composite number?
True
Is 3225127 a prime number?
True
Is 359110771 a prime number?
False
Is 4342141 a composite number?
True
Is 6920101 composite?
False
Is 188030041 prime?
False
Is 59956969 a prime number?
False
Is 16102571 composite?
False
Is 19579829 a composite number?
False
Is 98031601 a prime number?
True
Is 86246383 a prime number?
True
Is 604943 prime?
False
Is 3217303 a composite number?
True
Is 240491 composite?
False
Is 19779407 composite?
True
Is 6201173 composite?
True
Is 376787 prime?
True
Is 175397 composite?
True
Is 6035933 a prime number?
True
Is 41515751 a composite number?
True
Is 7574647 a composite number?
False
Is 8657009 a composite number?
False
Is 33402134 a composite number?
True
Is 15145481 a composite number?
True
Is 3733259 prime?
True
Is 77255831 a prime number?
False
Is 35133023 a prime number?
False
Is 2064463 a prime number?
False
Is 1443373 a prime number?
False
Is 27174437 a prime number?
False
Is 11327867 composite?
True
Is 61106807 prime?
True
Is 51683063 a composite number?
True
Is 9722261 composite?
True
Is 1572509 a prime number?
True
Is 12032509 composite?
False
Is 3277933 a prime number?
False
Is 13931719 a composite number?
True
Is 41092253 prime?
True
Is 749282593 composite?
False
Is 507730714 a prime number?
False
Is 97401179 prime?
True
Is 33719429 prime?
True
Is 30972497 a prime number?
True
Is 856364731 a prime number?
True
Is 225341 composite?
False
Is 11775523 a composite number?
False
Is 1587899 prime?
True
Is 1135037 prime?
False
Is 2903179 composite?
False
Is 2176243 a prime number?
True
Is 2568673 a composite number?
False
Is 15203533 composite?
True
Is 460048163 prime?
True
Is 11359303 prime?
True
Is 5529229 composite?
False
Is 313814671 prime?
True
Is 109589647 prime?
True
Is 93708619 a composite number?
False
Is 2530334 composite?
True
Is 10658861 a composite number?
False
Is 67046998 a prime number?
False
Is 9209609 prime?
False
Is 127796